 + 7, -5*a = m - 1. Let p(g) be the second derivative of -g**4/6 + g**3/6 + g. Determine p(a).
-1
Suppose 2*y = -5*z + z + 4, 5*y + 8 = -z. Suppose 2*g = g + z. Let c(s) = 3 + 4*s**2 + 3*s**2 + 4*s - 8*s**g. Calculate c(4).
3
Let v(q) = -5*q**2 + 9*q + 8. Let w(h) = -4*h**2 + 8*h + 7. Let i(m) = 5*v(m) - 6*w(m). Suppose -4*r = -0*r + 5*k + 20, 3*r - 4*k + 15 = 0. What is i(r)?
-12
Let h(m) = m + 0*m - 3*m + 10*m**2. Let s(u) = -2*u - 1. Let x be s(-3). Let g(i) = 15*i**2 - 3*i. Let o(k) = x*g(k) - 8*h(k). What is o(1)?
-4
Let u(m) be the first derivative of m**3/3 + 3*m**2 - 2*m - 3. Let v(p) be the first derivative of u(p). Calculate v(-4).
-2
Let n(p) = -3*p - 6. Let t be (1 - (-1 + 5))*(-80)/(-48). Calculate n(t).
9
Let f(i) be the first derivative of -i**5/60 + i**4/24 - i**3/6 - 3*i**2/2 - 3. Let t(d) be the second derivative of f(d). Determine t(1).
-1
Let w(n) be the second derivative of n**4/12 + 5*n**3/6 + n**2/2 - 6*n. Suppose -2*v = 5*l + 15 + 7, 40 = -5*v - 5*l. Give w(v).
7
Suppose 0*n - 35 = -5*n. Let r(q) = 4*q - 4*q + n - 1 + q. What is r(5)?
11
Suppose 2*q = 5*q + 6. Let b(u) = -3*u**2 + u - 4. Let c(l) = 7*l**2 - 2*l + 8. Let i(n) = q*c(n) - 5*b(n). Give i(0).
4
Let f(w) be the third derivative of 0 - w**2 - 1/4*w**4 + 0*w - 1/3*w**3. Determine f(-2).
10
Let f(d) = -7*d**3 + 12*d**2 - 5*d + 5. Let s(p) = 4*p**3 - 6*p**2 + 2*p - 2. Let z(y) = -3*f(y) - 5*s(y). Let h(o) = -2*o - 1. Let m be h(-3). Determine z(m).
-5
Let g(r) = 4*r**3 - r + 1. Let u(o) = 3*o**3 - o**2 - o. Let z(d) = -2*g(d) + 3*u(d). What is z(3)?
-5
Let q = 7 - 5. Let c(g) = 0*g**q + 0 - g**2 + 5*g - 4. Let b be c(5). Let n(u) = u**2 + 5*u - 1. Determine n(b).
-5
Let q be (0 - 1)*(1 - 4). Suppose m + q*m = 0. Let y(u) = -u**3 + u**2 - u + 11. Determine y(m).
11
Let g be ((-1)/3)/((-13)/(-39)). Let u(k) = 7*k**2 - 1. Give u(g).
6
Let q be (0 + -1 - 0)/1. Let g(n) be the third derivative of n**7/840 + n**4/6 - n**2. Let y(m) be the second derivative of g(m). What is y(q)?
3
Let h(i) = -i**3 - 8*i**2 + 10*i + 10. Let s be h(-9). Let c(o) = -3*o**2 + o. What is c(s)?
-2
Let g be (-3)/6*6/(-1). Let h(s) = 6 - 4*s + 1 - g - 2. Give h(-3).
14
Let o(s) = 8*s**3 - 2*s**2 - 2*s + 3. Let h(x) = 17*x**3 - 4*x**2 - 4*x + 7. Let d(w) = -4*h(w) + 9*o(w). Let g be 3*(-3)/(0 - -9). Calculate d(g).
-5
Suppose -s = 5*c - 4*s + 26, 24 = -5*c + 2*s. Let m(k) be the second derivative of k**3/6 + 4*k**2 + k. Give m(c).
4
Let b(c) = -c - 12. Let t(m) = -4*m + 7*m - 1 - 2*m. Let r(o) = b(o) - 3*t(o). Give r(-6).
15
Let a(u) = 4*u - 2*u - 4*u + 4. Give a(5).
-6
Let o = -20 - -22. Let p(b) be the first derivative of -1/4*b**4 + b**3 - b**o - 3*b - 2. What is p(3)?
-9
Let u(f) = -3 + 0 + 1 + f. Suppose 6*p - 2*p - 20 = 0. Let r be u(p). Let j(s) = -s + 2. What is j(r)?
-1
Suppose 0 = 5*u + 2*r - 11, -3*u + 4*r + 0 = 9. Let i(c) = -6 - c + 1 + 2 - u. Suppose 3*z - 12 = -0*z. Give i(z).
-8
Let k(u) = -13*u**2 + 21*u**2 + u**3 - u + 0*u**2 + 1. Calculate k(-8).
9
Let v(b) be the third derivative of b**4/12 - b**3/3 + 10*b**2. Let h be (-15)/6*8/(-10). Give v(h).
2
Suppose 3*d - d = 30. Let h be 9/d - 28/5. Let f(c) = -c + 1. What is f(h)?
6
Let x(m) = -m + 7. Let l = 14 - 5. Determine x(l).
-2
Let x = -16 + 12. Let v(s) = 3*s + 2. Give v(x).
-10
Suppose 0 = 4*f + 102 - 90. Let t(v) = v**3 + 4*v**2 + v - 2. What is t(f)?
4
Let p(g) = -8*g**2 + 2*g + 2. Let c(j) = 23*j**2 - 5*j - 5. Let n(r) = 3*c(r) + 8*p(r). Suppose 15 = 2*h + 3*h. Suppose -h*x = -2*x + 1. What is n(x)?
5
Let g(r) be the second derivative of -r**4/6 - 2*r**3/3 - 3*r**2/2 - 4*r. Give g(-2).
-3
Let k(c) be the third derivative of c**5/30 - c**3/2 - 2*c**2. Let h(m) = -4*m**2 + m + 6. Let a(b) = -3*h(b) - 5*k(b). What is a(-2)?
11
Let g(l) = -16*l**2 - l. Suppose -3 = -w + z - 6, 5*w + 2*z - 13 = 0. Calculate g(w).
-17
Let j = 12 - 30. Let b = -30 - j. Let z = b + 7. Let s(o) = -2*o - 5. What is s(z)?
5
Let u(a) = -4*a**2 + 1. Let o be u(1). Let g(x) = x**3 + 3*x**2 - 3*x - 3. Calculate g(o).
6
Let u = -2 + 5. Let s(j) = u - 6 + 3 + 2*j - 2. Suppose 0 = -5*h - y - 4*y - 15, 2*y = -10. Give s(h).
2
Suppose 3*s + 21 = 10*s. Let k(p) be the first derivative of 3*p + 1/3*p**s + 3/2*p**2 + 3. Calculate k(-3).
3
Let i(z) = 2*z. Let f(k) = 6*k. Let n(m) = 6*f(m) - 20*i(m). Determine n(-1).
4
Let n = 65 - 54. Let a(w) = w**2 - 9*w - 16. Calculate a(n).
6
Let r(v) = -5 - 10*v**2 + 5 - 3 + 2. Give r(-1).
-11
Let p(g) = -9*g**2 + 3*g - 2. Let k(v) = 11*v**2 - 4*v + 2. Let d(f) = 5*k(f) + 6*p(f). Calculate d(3).
1
Let o(q) = -q**3 + 7*q**2 - 7*q + 3. Let n(m) = m**3 - 7*m**2 + 7*m - 4. Let a(w) = 5*n(w) + 4*o(w). Determine a(6).
-2
Let z(x) = x**2 - 9*x + 2. Let f(k) = -k**2 + 8*k - 1. Let t(d) = 4*f(d) + 3*z(d). Let b = -1 + 5. Give t(b).
6
Let j(a) = 2*a**2 - 3 - 5*a - a**2 + 4. Suppose 11*o = 16*o - 25. Give j(o).
1
Let l be 10/(-45) - 48/27. Let k(b) = b**3 + 2*b**2 + 2*b + 3. Give k(l).
-1
Suppose 2*s + 14 = -j, 2*s - j = -0*j - 10. Let p be (0 - 3/s)*8. Let n(r) = 4*r - 5*r - 1 + r + p*r. Calculate n(2).
7
Suppose 30 = 5*y - 3*i, 3*i = 3*y + 5*i + 1. Let a be 9/y*(0 + 2). Let w(j) = j**2 - 6*j + 3. What is w(a)?
3
Suppose 0 = -5*x + 4*x + 6. Let q(p) = -x*p - 2 + 0*p + 10*p + p**2 - 4. Determine q(-6).
6
Let v(y) = -y**2 - 4*y + 4. Let w be (9 - 0)*2/6. Suppose -r + 2*l = -w*r - 14, -4 = 2*l. Give v(r).
-1
Let p(l) = 6*l**3 - 4*l - 11. Suppose -25 = 5*r, 4*q + r + 2*r = -31. Let n(k) = 5*k**3 - 3*k - 10. Let w(v) = q*p(v) + 5*n(v). Calculate w(0).
-6
Let f(r) = -3*r**3 - 2*r**2 + 6*r - 4. Let h(y) = -y**3 + y**2 + y. Let t(x) = -f(x) + 2*h(x). What is t(-5)?
-1
Let g = -1 - -5. Let c(p) = 2*p**3 + 6*p**2 + 5*p - 2. Let j(b) = -5*b**3 - 17*b**2 - 14*b + 5. Let q(k) = 8*c(k) + 3*j(k). Determine q(g).
7
Let x(b) be the third derivative of 2/3*b**3 - 1/6*b**4 - b**2 + 0*b + 0. Give x(4).
-12
Let n(x) = -2*x - 12*x + 2*x. Calculate n(-1).
12
Suppose 28 = 5*g - 7. Let s = 10 - g. Let h(c) = 2*c + 4 - 3*c - s. Determine h(5).
-4
Let i(a) = -4*a**3 - 3*a**2 - 3*a - 2. Let n(f) = 11*f**3 + 8*f**2 + 8*f + 6. Let r(k) = 8*i(k) + 3*n(k). What is r(-2)?
-6
Let w be 7/21 - 2/(-3). Let c(k) = 1 + 0 + 5 - k**2 - w - 2*k. Give c(-4).
-3
Let w(u) = u - 5. Let l = 84 + -52. Suppose 0 = -3*z - 2 + l. Suppose -z = b + b. Calculate w(b).
-10
Let m(n) = -6*n**2 - 2*n - 3. Suppose 0 = -0*d + 4*d + 8. Determine m(d).
-23
Let h(i) = 5*i**2 + 1. Let b be 0/2 + -5 - -4. Give h(b).
6
Let x(d) = 4*d - 1. Let q = 6 - -3. Suppose 3*w = 7*w - 5*g - q, -5*w = g - 4. Calculate x(w).
3
Let r(a) be the first derivative of 1/2*a**2 - 1 + 1/3*a**3 + 4*a. Calculate r(0).
4
Let j(c) be the second derivative of -c**4/12 - 3*c**3/2 - 7*c**2/2 + 3*c. What is j(-10)?
-17
Let u(g) = -3*g**2 - 4*g - 2. Suppose 5 - 2 = -3*l. Let m(f) = 6*f**2 - f - 1. Let c be m(l). Let o be (c/(-4))/((-18)/(-24)). Calculate u(o).
-6
Suppose 2*p - 2 = d, 0 = 4*p - 0*d - 3*d. Suppose 5*q + 5*r = -10, -16 = 5*q - p*q - 2*r. Let u(j) = j + 5. Determine u(q).
0
Let v(l) = l**3 - l**2 + 1. Let b(m) be the second derivative of m**5/20 + m**4/4 + m**3/2 + m**2/2 + 7*m. Let o be b(-2). Determine v(o).
-1
Suppose 2*u - 3*f - 13 = -4*f, 2*f - 10 = 0. Let g(c) be the first derivative of 4 - 4 + 2 - 2*c**u. Give g(-1).
8
Let h(b) be the second derivative of b**5/20 - b**4/3 - b**3/6 + b**2 - 8*b. Determine h(3).
-10
Let z(y) = -y**3 + 11*y**2 - 9*y - 8. Let o be z(10). Suppose -5*w + h = -16, -2*w + 6*h = o*h + 8. Let n(u) = u - 9. Calculate n(w).
-5
Let u be (6 + -6)/(0 - 1). Suppose -2*l + 4 = -u*l. Let w(z) = -2*z**2 + 2*z - 1. Determine w(l).
-5
Suppose 3*g - 26 = 4*z, -3*z + 2 = 5*g + 7. Let s be 16*((-5)/g + 3). Suppose -s*r = -4*r - 8. Let u(m) = 2*m - 1. Calculate u(r).
3
Let h = 3 - 8. Let a(d) = -100*d**3 - 6*d**2 - 2 - 5*d - 100*d**3 + 199*d**3. Calculate a(h).
-2
Let m(h) = -7*h**3 + 5*h**3 + 2 + 3*h**3. Suppose 0 = 3*p + 5*n - 31, -4*n = 3*p - 13 - 13. Suppose -p*a = -3 + 7. What is m(a)?
-6
Let n(h) be the third derivative of h**4/24 + 5*h**3/6 - 2*h**2. Let t be n(0). Let i(s) = 0*s + s - 1 + t*s - 4*s. Determine i(5).
9
Let y(m) = 3*m**2 + m - 2. Let s(h) = -10*h**2 - 4*h + 6. Let b(r) = 2*s(r) + 7*y(r). Let o(u) = u**3 - u**2 + 12. Let i be o(0). Suppose 14*t = i*t. Give b(t).
-2
Let b(